 = 45*h**2 + 46*h**2 + 12 - 3*h - 90*h**2 + 10*h - 4. Let a(v) = v - 4. Let n be a(-3). Let p be d(n). Calculate the highest common divisor of p and 96.
8
Let h be -42*(-72)/(-162)*-6. What is the highest common divisor of h and 26768?
112
Suppose 39*l = 70*l - 4123. Calculate the greatest common factor of 574 and l.
7
Let j = -240 + 243. Suppose 132 = -j*y + 180. Let k be (-228)/(-14) - 6/21. Calculate the highest common factor of k and y.
16
Suppose 12938 = 15*p + 4208. Let l = p - 366. Calculate the greatest common divisor of l and 54.
54
Suppose 11907*g + 105 = 11914*g. Suppose 0 = 45*w - 42*w - 75. What is the greatest common factor of w and g?
5
Suppose -15*b = -8*b - 420. Calculate the highest common factor of 660 and b.
60
Let u be (-1470)/22 + 9 + 202/(-22). Let q = -66 - u. Suppose -2*z + 3*p = -31, -z + 4*p + q = -12. What is the greatest common factor of 153 and z?
17
Suppose -9*m + 11*m + 12 = 0, 0 = -4*j + 4*m + 408. Calculate the greatest common divisor of 5856 and j.
96
Let b(r) = r**2 - 2*r + 52. Let g be b(-23). What is the highest common factor of 114 and g?
57
Suppose -7 = -5*r + 3*o, -4*r - 9 = r + o. Let c be (-10 - -6)/((2 - r)/(-312)). What is the highest common divisor of c and 26?
26
Let y(q) = -q**2 + 18*q + 2. Let s be y(24). Let f = -141 - s. What is the highest common factor of f and 11?
1
Suppose 0 = 5*v, -4*p + 218 = 5*v - 842. What is the highest common factor of 1696 and p?
53
Let z = -596 - -596. Let d be (-1)/(z + (-2)/16). Let t(r) = r**3 + r**2 - r + 6. Let x be t(0). What is the greatest common factor of x and d?
2
Suppose 60*c + 51*c - 102*c = 144900. What is the greatest common divisor of 276 and c?
92
Let x(m) be the third derivative of m**6/120 - 7*m**5/30 + 13*m**4/24 + 8*m**3/3 + 43*m**2. Let o be x(13). Calculate the greatest common factor of o and 128.
16
Let s = 21235 + -21040. Let j = 207 + -90. Calculate the highest common divisor of s and j.
39
Suppose 113*s = 7085 + 5345. What is the highest common divisor of 385 and s?
55
Suppose -50*k = -49*k + 5*x - 69, 2*x - 54 = -k. Let y = 0 - -4. What is the highest common factor of k and y?
4
Let f(t) = 3*t + 165. Let b be f(-5). What is the highest common divisor of b and 550?
50
Let w = 233 + -380. Let z = -143 - w. What is the greatest common divisor of 15 and z?
1
Let m be 113733/36 + 18/24 + -1. What is the highest common divisor of m and 234?
117
Suppose -5*l + 74 = 29. Let h = -1848 - -1887. What is the highest common divisor of l and h?
3
Let j(m) = -2*m + 5. Let h be j(7). Let y(r) = 2*r**2 - r - 91. Let x be y(h). What is the highest common factor of 144 and x?
16
Let c(g) = g**3 + 34*g**2 - g - 957. Let k be c(-33). What is the highest common factor of 40755 and k?
165
Let l(g) = g**2 - 3*g + 23. Let s be l(5). Let f = 20 - 35. Let x be (-8)/(6/3) - f. Calculate the highest common divisor of x and s.
11
Let q be 19 - -287 - (1/3)/((-17)/(-255)). What is the greatest common factor of 105 and q?
7
Let t(g) = 9*g. Let o be t(3). Let z(s) = s**3 + 14*s**2 + 15*s + 32. Let w be z(-13). Suppose -w*q - 2 = -1460. What is the greatest common factor of o and q?
27
Suppose -56 = -3*t - 3346*k + 3350*k, -5*t - 3*k + 74 = 0. Calculate the greatest common divisor of t and 17760.
16
Suppose -3*g + 5*g - 125 = -3*w, -2*g + 120 = 2*w. Let i(r) = r + 10. Let n be i(10). Let p = g - n. Calculate the highest common divisor of 14 and p.
7
Let o = 22966 - 20006. Calculate the highest common factor of 320 and o.
80
Let s = -186 - -221. Suppose -207 - 38 = -s*i. Let j(l) = 2*l**3 + 3*l. Let h be j(3). What is the greatest common factor of i and h?
7
Let j(q) = 22*q**2 - 27*q - 107. Let p be j(-11). What is the highest common divisor of p and 92?
92
Suppose t + 3*f - 11 = 9, 5 = -3*t + 4*f. Suppose -t*v + 47 = -253. Let y be 1*-2 - (-92)/1. What is the highest common factor of v and y?
30
Let n(v) = 2*v**3 + 39*v**2 - 114*v - 67. Let k be n(-22). Calculate the highest common divisor of 133 and k.
7
Let a = -30945 + 31197. Calculate the highest common factor of a and 1692.
36
Let v = -83 + 85. Suppose 0 = -v*a - 34 + 306. Suppose -u - 2*p + a = -0*u, 3*p = 9. What is the greatest common divisor of u and 26?
26
Let i(a) be the first derivative of -a**4/4 + 7*a**3/3 + 2*a**2 + 5*a - 32. Let g be i(5). Calculate the highest common factor of g and 400.
25
Let j(k) = 216*k + 9. Let x be j(4). What is the greatest common factor of 6 and x?
3
Let z(v) = -12*v**2 - 274*v - 308. Let u be z(-21). What is the greatest common divisor of 3598 and u?
14
Let k(w) = -32*w - 73. Let d be k(8). Let m = d + 441. Calculate the greatest common factor of 14 and m.
14
Suppose -23*k + 16*k + 490 = 0. Let g = -36 + k. What is the greatest common divisor of 289 and g?
17
Suppose 20*s - 48 = 17*s. Suppose -302 - s = -u + 2*q, -1545 = -5*u - 5*q. Let v = u + 93. What is the greatest common divisor of v and 45?
45
Suppose -413*c = -397*c - 144. What is the greatest common factor of c and 1467?
9
Suppose -2*u - w + 145 = 0, -3*u - 3*w = -211 - 11. Calculate the greatest common factor of 1562 and u.
71
Let y = 5445 - 5430. Let t = -1 + 1. Suppose t*b + 3*b - y = 0. Calculate the highest common divisor of 3 and b.
1
Let j = 43 + -70. Let u be j*(0 - (-2)/(-2)). Let a be (u/(-6))/(6/(-56)). What is the highest common factor of 6 and a?
6
Let y = 16946 - 16802. Calculate the greatest common factor of y and 63.
9
Suppose 2*j = 3*j - 3. Let s be ((-26)/(-14))/(4/28). What is the greatest common factor of j and s?
1
Let k(a) = 0*a**3 - 18*a**2 - 13 - 1699*a + 1695*a - 2*a**3. Let z be k(-9). What is the greatest common factor of z and 207?
23
Suppose -2*r + 105 = -135. Suppose -22 = -v - 3*g + 49, 9 = -3*g. What is the greatest common divisor of r and v?
40
Let m(o) = -o**3 + 3*o**2 - o + 12. Let g be m(3). Calculate the highest common factor of 7452 and g.
9
Let n = 311 + -293. What is the greatest common divisor of n and 738?
18
Suppose 551*g - 4*b + 2613 = 556*g, -4*g = 2*b - 2094. What is the highest common divisor of 336 and g?
21
Let m(n) = n + 76. Let c = 514 - 538. Let b be m(c). Calculate the highest common divisor of 39 and b.
13
Let s be ((-3)/2)/((-36)/48). Let t(w) = -8 + 3*w - 2*w**2 + w**s + 2*w**2. Let k be t(-7). Calculate the greatest common divisor of 30 and k.
10
Let v be (2/4)/((-30)/(-1800)). Suppose 75*x - 72*x - v = 0. Suppose -13*q = -18*q + 50. Calculate the greatest common divisor of q and x.
10
Suppose -4*h = -4*c + 96, -5*c + h = -h - 111. Let p be (2 + -1)*1 + c. Calculate the highest common divisor of 231 and p.
11
Let c(w) = -13*w - 84. Let b be ((-15)/25)/((-2 - -6)/60). Let m be c(b). Calculate the greatest common divisor of m and 55.
11
Suppose l + 2*p - 168 = 0, 3*l - 4*l + 168 = -3*p. Let i(u) = u**2 + 30*u + 213. Let h be i(-9). What is the highest common factor of l and h?
24
Suppose 4*n - 73 = -25. Suppose n*k - 4*k - 576 = 0. Calculate the highest common divisor of 120 and k.
24
Let s(l) = l**2 + 6*l - 4. Let r be s(-7). Let d be 2/((4/r)/(-2)). Let m be ((-8)/d)/((-1)/(-6)). Calculate the highest common factor of 4 and m.
4
Let m be ((-1)/2 + 1)/((-5)/(-50)). Suppose -3*t = -m*a - 141, 2*t + 0*t = -2*a + 78. What is the greatest common factor of t and 42?
42
Suppose 0*k + 2*k + 4*l = 8, -k + 19 = -l. Let a = 22 - k. Suppose -4*r + 9 + 24 = -5*o, -2*o = r + a. Calculate the highest common divisor of r and 18.
2
Let b(c) = 18*c**2 - c - 2. Let q be b(-2). Let y(p) = -3*p**2 - 31*p + 3522. Let h be y(-39). What is the greatest common factor of h and q?
24
Suppose 8139 = 118*a - 1891. Calculate the highest common divisor of a and 34.
17
Let v(q) = 194*q**2 - 160*q - 6. Let u be v(3). Calculate the highest common factor of u and 770.
70
Suppose -1539 + 2700 = 17*z - 2001. Calculate the highest common factor of 868 and z.
62
Let u be (-1648)/(-33) - 10/22*(-288)/2160. Let w = -245 - -395. Calculate the highest common factor of w and u.
50
Suppose 130*u - 158663 = 1497. Calculate the greatest common factor of 11 and u.
11
Suppose -40*b + 60*b - 2600 = 0. What is the greatest common factor of 170 and b?
10
Suppose -2*g + 5 = -7. Suppose -46 - 98 = -3*f. What is the highest common divisor of g and f?
6
Suppose -4*v = 4, -v = -0*r - 4*r + 145. Suppose -1938 = -r*s 